{"id":12,"date":"2014-10-11T15:35:43","date_gmt":"2014-10-11T14:35:43","guid":{"rendered":"https:\/\/promenadedesartistes.be\/?page_id=12"},"modified":"2024-07-16T23:07:20","modified_gmt":"2024-07-16T22:07:20","slug":"vendredi-6","status":"publish","type":"page","link":"https:\/\/promenadedesartistes.be\/?page_id=12","title":{"rendered":"Vendredi 6 Septembre"},"content":{"rendered":"<ul>\n<li><strong>VERNISSAGE<\/strong><\/li>\n<\/ul>\n<p><strong>O\u00f9 :<\/strong> Maison communale de 1450 Chastre, avenue du Castillon, 71<br \/><strong>Quand<\/strong> : 20 h<\/p>\n<p style=\"font-weight: 400;\">Le vernissage de la Promenade aura lieu le <strong>vendredi 6 septembre \u00e0 20h, en la Maison Communale de Chastre<\/strong>, point de d\u00e9part de la Promenade. Un verre de l\u2019amiti\u00e9 sera offert ainsi que la possibilit\u00e9 de d\u00e9couvrir les photos d\u2019une \u0153uvre de chaque artiste.<\/p>\n<p style=\"font-weight: 400;\">Animation musicale par V\u00e9ronique Binst.<\/p>\n<p><strong>Entr\u00e9e libre, bienvenue \u00e0 tous !<\/strong><\/p>\n\n\n<p><\/p>\n","protected":false},"excerpt":{"rendered":"<p>VERNISSAGE O\u00f9 : Maison communale de 1450 Chastre, avenue du Castillon, 71Quand : 20 h&#8230;<\/p>\n","protected":false},"author":1,"featured_media":0,"parent":10,"menu_order":0,"comment_status":"closed","ping_status":"closed","template":"","meta":{"footnotes":""},"class_list":["post-12","page","type-page","status-publish","hentry"],"_links":{"self":[{"href":"https:\/\/promenadedesartistes.be\/index.php?rest_route=\/wp\/v2\/pages\/12","targetHints":{"allow":["GET"]}}],"collection":[{"href":"https:\/\/promenadedesartistes.be\/index.php?rest_route=\/wp\/v2\/pages"}],"about":[{"href":"https:\/\/promenadedesartistes.be\/index.php?rest_route=\/wp\/v2\/types\/page"}],"author":[{"embeddable":true,"href":"https:\/\/promenadedesartistes.be\/index.php?rest_route=\/wp\/v2\/users\/1"}],"replies":[{"embeddable":true,"href":"https:\/\/promenadedesartistes.be\/index.php?rest_route=%2Fwp%2Fv2%2Fcomments&post=12"}],"version-history":[{"count":39,"href":"https:\/\/promenadedesartistes.be\/index.php?rest_route=\/wp\/v2\/pages\/12\/revisions"}],"predecessor-version":[{"id":3637,"href":"https:\/\/promenadedesartistes.be\/index.php?rest_route=\/wp\/v2\/pages\/12\/revisions\/3637"}],"up":[{"embeddable":true,"href":"https:\/\/promenadedesartistes.be\/index.php?rest_route=\/wp\/v2\/pages\/10"}],"wp:attachment":[{"href":"https:\/\/promenadedesartistes.be\/index.php?rest_route=%2Fwp%2Fv2%2Fmedia&parent=12"}],"curies":[{"name":"wp","href":"https:\/\/api.w.org\/{rel}","templated":true}]}}

<ul>
<li><strong>VERNISSAGE</strong></li>
</ul>
<p><strong>Où :</strong> Maison communale de 1450 Chastre, avenue du Castillon, 71<br /><strong>Quand</strong> : 20 h</p>
<p style="font-weight: 400;">Le vernissage de la Promenade aura lieu le <strong>vendredi 6 septembre à 20h, en la Maison Communale de Chastre</strong>, point de départ de la Promenade. Un verre de l’amitié sera offert ainsi que la possibilité de découvrir les photos d’une œuvre de chaque artiste.</p>
<p style="font-weight: 400;">Animation musicale par Véronique Binst.</p>
<p><strong>Entrée libre, bienvenue à tous !</strong></p>


<p></p>

<p>VERNISSAGE Où : Maison communale de 1450 Chastre, avenue du Castillon, 71Quand : 20 h&#8230;</p>
