{"id":14,"date":"2014-10-11T15:36:05","date_gmt":"2014-10-11T14:36:05","guid":{"rendered":"https:\/\/promenadedesartistes.be\/?page_id=14"},"modified":"2024-08-26T13:15:47","modified_gmt":"2024-08-26T12:15:47","slug":"samedi-7","status":"publish","type":"page","link":"https:\/\/promenadedesartistes.be\/?page_id=14","title":{"rendered":"Samedi 7 Septembre"},"content":{"rendered":"<h4>Pour avoir un condens\u00e9 des informations venez vous procurer le plan-programme \u00e0 la maison communale (5\u20ac). Par ce geste vous soutenez \u00e9galement l&#8217;organisation de cet \u00e9v\u00e9nement tenu par des b\u00e9n\u00e9voles.<\/h4>\n<ul>\n<li><strong>EXPOSITIONS de 11 \u00e0 18 h<br \/>\n<\/strong><\/li>\n<\/ul>\n<p style=\"font-weight: 400;\">Les expositions auront lieu dans les sept villages de Chastre. Les disciplines artistiques propos\u00e9es vont de la peinture, la sculpture, \u00e0 la c\u00e9ramique\u00a0; de la gravure, la photographie, aux \u00a0illustrations et \u00a0aux \u00a0techniques mixtes, en passant par l\u2019art du tissu, du bois ou du verre ; bref, il y en aura pour tous les go\u00fbts.<\/p>\n<ul>\n<li><b>ATELIER VELO\u00a0<\/b><\/li>\n<\/ul>\n<p>De 11h \u00e0 13h30 \u00e0 la maison Communale de Chastre, venez mettre en ordre de marche votre v\u00e9lo pour entamer votre Promenade des Artistes. Un atelier propos\u00e9 par le GRACQ.<\/p>\n<ul>\n<li style=\"font-weight: 400;\"><span style=\"color: #000000;\"><strong>DEMONSTRATIONS<\/strong><\/span><\/li>\n<\/ul>\n<p><strong>Aquarelle<\/strong> : Rue de la chapelle, 10<\/p>\n<p><strong>Souffleur de verre<\/strong> : Rue Berger Mimie, 14<\/p>\n<p><strong>Moza\u00efque<\/strong> : Domaine des Possibles<\/p>\n<p><strong>Tour de poterie<\/strong> : Rue Charlemont, 30<\/p>\n<div id=\"x_AppleMailSignature\">\n<h4><\/h4>\n<ul>\n<li><strong>CONCERTS INTIMISTES<br \/>\n<\/strong><\/li>\n<\/ul>\n<p><strong>\u00d4 Fortuna &#8211; Villeroux :<\/strong><br \/>\n11h30 : Tom Pouce, rue du Village, 1<br \/>\n14h30 : Rue d\u2019H\u00e9villers, 36<br \/>\n16h00 : Rue Gilmont, 1<\/p>\n<p><strong>Les Yeux bleus &#8211; Gentinne :<\/strong><br \/>\n12h00 : Rue Charlemont, 56<br \/>\n14h00 : Rue Charlemont, 30<br \/>\n15h30 : Rue du Pont d\u2019Arcole, 138<\/p>\n<p><strong>Etienne Boulanger &#8211; Noirmont :<\/strong><br \/>\n13h00 : Rue Vieille, 9<br \/>\n14h30 : Place du 7e Tirailleur Marocain, 3<br \/>\n16h00 : Rue de la Tour, 37<\/p>\n<\/div>\n<p><strong>Tom So Color &#8211; Chastre :<\/strong><br \/>\n16<span style=\"color: initial; font-size: revert;\">h30 : Le Salon du Moulin, Rue de la dr\u00e8ve 2, 1450 Chastre<\/span><\/p>\n<div id=\"x_AppleMailSignature\"><\/div>\n<div id=\"pageContainer2\" class=\"page\" data-loaded=\"true\"><\/div>\n","protected":false},"excerpt":{"rendered":"<p>Pour avoir un condens\u00e9 des informations venez vous procurer le plan-programme \u00e0 la maison communale&#8230;<\/p>\n","protected":false},"author":1,"featured_media":0,"parent":10,"menu_order":0,"comment_status":"closed","ping_status":"closed","template":"","meta":{"footnotes":""},"class_list":["post-14","page","type-page","status-publish","hentry"],"_links":{"self":[{"href":"https:\/\/promenadedesartistes.be\/index.php?rest_route=\/wp\/v2\/pages\/14","targetHints":{"allow":["GET"]}}],"collection":[{"href":"https:\/\/promenadedesartistes.be\/index.php?rest_route=\/wp\/v2\/pages"}],"about":[{"href":"https:\/\/promenadedesartistes.be\/index.php?rest_route=\/wp\/v2\/types\/page"}],"author":[{"embeddable":true,"href":"https:\/\/promenadedesartistes.be\/index.php?rest_route=\/wp\/v2\/users\/1"}],"replies":[{"embeddable":true,"href":"https:\/\/promenadedesartistes.be\/index.php?rest_route=%2Fwp%2Fv2%2Fcomments&post=14"}],"version-history":[{"count":65,"href":"https:\/\/promenadedesartistes.be\/index.php?rest_route=\/wp\/v2\/pages\/14\/revisions"}],"predecessor-version":[{"id":4190,"href":"https:\/\/promenadedesartistes.be\/index.php?rest_route=\/wp\/v2\/pages\/14\/revisions\/4190"}],"up":[{"embeddable":true,"href":"https:\/\/promenadedesartistes.be\/index.php?rest_route=\/wp\/v2\/pages\/10"}],"wp:attachment":[{"href":"https:\/\/promenadedesartistes.be\/index.php?rest_route=%2Fwp%2Fv2%2Fmedia&parent=14"}],"curies":[{"name":"wp","href":"https:\/\/api.w.org\/{rel}","templated":true}]}}

<h4>Pour avoir un condensé des informations venez vous procurer le plan-programme à la maison communale (5€). Par ce geste vous soutenez également l&#8217;organisation de cet événement tenu par des bénévoles.</h4>
<ul>
<li><strong>EXPOSITIONS de 11 à 18 h<br />
</strong></li>
</ul>
<p style="font-weight: 400;">Les expositions auront lieu dans les sept villages de Chastre. Les disciplines artistiques proposées vont de la peinture, la sculpture, à la céramique ; de la gravure, la photographie, aux  illustrations et  aux  techniques mixtes, en passant par l’art du tissu, du bois ou du verre ; bref, il y en aura pour tous les goûts.</p>
<ul>
<li><b>ATELIER VELO </b></li>
</ul>
<p>De 11h à 13h30 à la maison Communale de Chastre, venez mettre en ordre de marche votre vélo pour entamer votre Promenade des Artistes. Un atelier proposé par le GRACQ.</p>
<ul>
<li style="font-weight: 400;"><span style="color: #000000;"><strong>DEMONSTRATIONS</strong></span></li>
</ul>
<p><strong>Aquarelle</strong> : Rue de la chapelle, 10</p>
<p><strong>Souffleur de verre</strong> : Rue Berger Mimie, 14</p>
<p><strong>Mozaïque</strong> : Domaine des Possibles</p>
<p><strong>Tour de poterie</strong> : Rue Charlemont, 30</p>
<div id="x_AppleMailSignature">
<h4></h4>
<ul>
<li><strong>CONCERTS INTIMISTES<br />
</strong></li>
</ul>
<p><strong>Ô Fortuna &#8211; Villeroux :</strong><br />
11h30 : Tom Pouce, rue du Village, 1<br />
14h30 : Rue d’Hévillers, 36<br />
16h00 : Rue Gilmont, 1</p>
<p><strong>Les Yeux bleus &#8211; Gentinne :</strong><br />
12h00 : Rue Charlemont, 56<br />
14h00 : Rue Charlemont, 30<br />
15h30 : Rue du Pont d’Arcole, 138</p>
<p><strong>Etienne Boulanger &#8211; Noirmont :</strong><br />
13h00 : Rue Vieille, 9<br />
14h30 : Place du 7e Tirailleur Marocain, 3<br />
16h00 : Rue de la Tour, 37</p>
</div>
<p><strong>Tom So Color &#8211; Chastre :</strong><br />
16<span style="color: initial; font-size: revert;">h30 : Le Salon du Moulin, Rue de la drève 2, 1450 Chastre</span></p>
<div id="x_AppleMailSignature"></div>
<div id="pageContainer2" class="page" data-loaded="true"></div>

<p>Pour avoir un condensé des informations venez vous procurer le plan-programme à la maison communale&#8230;</p>
